 multiple of 29?
True
Is 17 a factor of 4800?
False
Is 599 a multiple of 20?
False
Does 11 divide 66?
True
Is 23 a factor of 437?
True
Does 6 divide 3667?
False
Does 139 divide 57123?
False
Does 8 divide 96?
True
Is 597 a multiple of 48?
False
Is 1859 a multiple of 132?
False
Does 15 divide 1575?
True
Is 1260 a multiple of 48?
False
Is 1390 a multiple of 21?
False
Does 54 divide 34489?
False
Is 4368 a multiple of 24?
True
Is 7086 a multiple of 152?
False
Is 10 a factor of 89390?
True
Is 3 a factor of 12897?
True
Is 3128 a multiple of 92?
True
Is 27 a factor of 543?
False
Is 2030 a multiple of 35?
True
Does 9 divide 81749?
False
Is 11 a factor of 20424?
False
Does 13 divide 51549?
False
Is 9 a factor of 8253?
True
Is 15774 a multiple of 18?
False
Is 5 a factor of 2480?
True
Does 38 divide 6574?
True
Is 2552 a multiple of 8?
True
Does 31 divide 3104?
False
Is 56358 a multiple of 236?
False
Is 16 a factor of 1904?
True
Is 7 a factor of 7242?
False
Is 120 a factor of 3353?
False
Is 4 a factor of 8?
True
Is 224 a factor of 26912?
False
Is 28361 a multiple of 73?
False
Does 8 divide 100339?
False
Is 18 a factor of 95328?
True
Is 79 a factor of 738?
False
Does 20 divide 9860?
True
Does 23 divide 4669?
True
Does 11 divide 1330?
False
Does 35 divide 105?
True
Does 54 divide 122?
False
Is 32 a factor of 6403?
False
Does 13 divide 1495?
True
Is 7973 a multiple of 112?
False
Is 11475 a multiple of 23?
False
Is 9 a factor of 1575?
True
Is 91 a factor of 5551?
True
Is 58 a factor of 37120?
True
Is 1920 a multiple of 128?
True
Is 50 a multiple of 4?
False
Does 37 divide 594?
False
Is 39 a factor of 858?
True
Does 38 divide 5870?
False
Does 16 divide 2640?
True
Is 9 a factor of 2465?
False
Is 90 a factor of 2642?
False
Is 17 a factor of 2192?
False
Is 66 a factor of 3066?
False
Is 5127 a multiple of 120?
False
Does 81 divide 6318?
True
Is 55 a factor of 19274?
False
Is 32 a factor of 7276?
False
Is 9 a factor of 126?
True
Does 2 divide 1927?
False
Does 17 divide 15153?
False
Is 4176 a multiple of 84?
False
Does 90 divide 17010?
True
Is 149 a factor of 59600?
True
Is 113 a multiple of 5?
False
Does 44 divide 41800?
True
Is 34 a multiple of 4?
False
Is 15 a factor of 6225?
True
Is 18 a factor of 3006?
True
Is 520 a multiple of 14?
False
Does 71 divide 15821?
False
Does 26 divide 6500?
True
Does 54 divide 4698?
True
Does 14 divide 252?
True
Is 31485 a multiple of 15?
True
Does 25 divide 10950?
True
Is 86 a factor of 2102?
False
Is 23 a factor of 621?
True
Is 202 a multiple of 144?
False
Does 117 divide 3276?
True
Is 34 a factor of 24542?
False
Is 5 a factor of 245?
True
Is 30257 a multiple of 15?
False
Does 2 divide 607?
False
Is 35 a factor of 9275?
True
Is 16224 a multiple of 208?
True
Is 11 a factor of 1347?
False
Is 464 a multiple of 8?
True
Is 16 a factor of 32?
True
Is 7 a factor of 26128?
False
Is 15 a factor of 15475?
False
Does 30 divide 1163?
False
Is 281 a multiple of 16?
False
Does 26 divide 182?
True
Is 38 a factor of 2204?
True
Is 510 a multiple of 30?
True
Is 42 a factor of 3847?
False
Is 114 a factor of 1938?
True
Is 708 a multiple of 22?
False
Does 18 divide 60156?
True
Is 5368 a multiple of 122?
True
Is 47 a factor of 32237?
False
Is 135 a factor of 2653?
False
Does 187 divide 9537?
True
Is 80073 a multiple of 31?
True
Does 199 divide 26467?
True
Does 3 divide 269?
False
Does 61 divide 2623?
True
Is 777 a multiple of 14?
False
Is 5 a factor of 1265?
True
Is 203 a multiple of 2?
False
Is 17 a factor of 395?
False
Is 476 a multiple of 17?
True
Is 13 a factor of 637?
True
Is 39 a factor of 2535?
True
Is 931 a multiple of 23?
False
Is 1005 a multiple of 2?
False
Does 73 divide 2117?
True
Does 13 divide 3146?
True
Is 19 a factor of 616?
False
Is 8 a factor of 10567?
False
Is 30 a factor of 2160?
True
Is 29 a factor of 4930?
True
Is 588 a multiple of 13?
False
Is 317 a multiple of 2?
False
Is 235 a factor of 15418?
False
Is 47 a factor of 2070?
False
Is 821 a multiple of 7?
False
Is 3887 a multiple of 13?
True
Is 8258 a multiple of 11?
False
Is 22 a factor of 21570?
False
Does 167 divide 974?
False
Does 7 divide 2724?
False
Does 21 divide 1530?
False
Is 121 a factor of 7184?
False
Does 63 divide 466?
False
Is 638 a multiple of 18?
False
Does 18 divide 684?
True
Does 11 divide 22573?
False
Is 2349 a multiple of 52?
False
Is 133632 a multiple of 174?
True
Is 26 a factor of 234?
True
Is 16 a factor of 570?
False
Does 13 divide 4789?
False
Does 112 divide 21840?
True
Is 14 a factor of 3659?
False
Does 8 divide 4376?
True
Does 40 divide 29120?
True
Is 3 a factor of 78?
True
Is 358 a multiple of 37?
False
Does 4 divide 4296?
True
Is 124 a multiple of 4?
True
Does 23 divide 460?
True
Is 125970 a multiple of 114?
True
Is 15 a factor of 20490?
True
Is 1115 a multiple of 14?
False
Does 90 divide 4860?
True
Is 25 a factor of 60400?
True
Is 52 a factor of 178?
False
Is 18645 a multiple of 3?
True
Does 11 divide 2508?
True
Is 11 a factor of 407?
True
Is 684 a multiple of 13?
False
Is 71 a factor of 5691?
False
Is 56 a factor of 2090?
False
Is 713 a multiple of 23?
True
Is 3 a factor of 2192?
False
Does 8 divide 2224?
True
Is 15 a factor of 897?
False
Is 258 a factor of 6192?
True
Is 24 a factor of 2697?
False
Is 15 a factor of 1701?
False
Is 3 a factor of 129?
True
Is 89 a multiple of 11?
False
Is 12 a factor of 172206?
False
Does 4 divide 16?
True
Does 119 divide 4403?
True
Is 17 a factor of 938?
False
Does 20 divide 301?
False
Does 43 divide 925?
False
Is 51 a factor of 400?
False
Does 88 divide 4048?
True
Is 54 a factor of 9936?
True
Is 12 a factor of 455?
False
Is 693 a multiple of 19?
False
Is 1010 a multiple of 10?
True
Is 9432 a multiple of 12?
True
Does 30 divide 540?
True
Is 7313 a multiple of 103?
True
Is 7 a factor of 478?
False
Is 8 a factor of 3644?
False
Is 143 a factor of 9295?
True
Is 9 a factor of 140?
False
Does 36 divide 864?
True
Is 15 a factor of 390?
True
Is 105 a factor of 840?
True
Does 152 divide 2221?
False
Does 38 divide 2142?
False
Is 507 a multiple of 13?
True
Is 23 a factor of 744?
False
Does 53 divide 12800?
False
Does 4 divide 292?
True
Does 95 divide 25417?
False
Is 2077 a multiple of 20?
False
Is 4 a factor of 1316?
True
Does 38 divide 5710?
False
Is 1400 a multiple of 56?
True
Is 25 a factor of 4447?
False
Does 28 divide 11620?
True
Does 10 divide 910?
True
Is 19 a factor of 3891?
False
Is 208 a multiple of 2?
True
Is 1091 a multiple of 32?
False
Is 124 a factor of 4464?
True
Does 14 divide 11331?
False
Is 64 a factor of 70656?
True
Is 9 a factor of 4023?
True
Does 7 divide 4886?
True
Is 6963 a multiple of 35?
False
Is 31277 a multiple of 36?
False
Is 8436 a multiple of 25?
False
Is 256 a multiple of 37?
False
Does 18 divide 587?
False
Is 145 even?
False
Is 82 a factor of 12300?
True
Does 313 divide 28809?
False
Is 17006 a multiple of 11?
True
Does 28 divide 28?
True
Does 2 divide 1675?
False
Is 4357 a multiple of 25?
False
Is 4764 a multiple of 29?
False
Is 30 a factor of 330?
True
Is 136 a factor of 21090?
False
Is 96 a factor of 6240?
True
Is 280 a multiple of 7?
True
Is 5910 a multiple of 30?
True
Does 30 divide 600?
True
Is 2321 a multiple of 11?
True
Is 5 a factor of 110?
True
Does 3 divide 17313?
True
Is 2113 a multiple of 18?
False
Is 39190 a multiple of 10?
True
Is 11579 a multiple of 8?
False
Does 15 divide 135?
True
Is 48 a multiple of 12?
True
Is 49 a multiple of 49?
True
Is 642 a multiple of 4?
False
Does 31 divide 403?
True
Is 34287 a multiple of 18?
False
Is 617 even?
False
Does 12 divide 43224?
True
Is 10285 a multiple of 8?
False
Is 1771 a multiple of 11?
True
Does 14 divide 61297?
False
Does 11 divide 110?
True
Is 18 a factor of 4609?
False
Is 8 a factor of 2697?
False
Is 22 a factor of 242?
True
Does 2 divide 166?
True
Is 34 a factor of 2570?
False
Does 136 divide 165512?
True
Is 87 a multiple of 29?
True
Is 98 a multiple of 14?
True
Does 10 divide 14419?
False
Is 11 a factor of 519?
False
Does 15 divide 240?
True
Is 172 a multiple of 16?
False
Is 37 a factor of 9805?
True
Is 107 a factor of 81760?
False
Is 3476 a multiple of 22?
True
Is 21 a factor of 3640?
False
Does 9 divide 3123?
True
Does 15 divide 501?
False
Does 47 divide 7066?
False
Is 286 a multiple of 31?
False
Is 16 a factor of 1320?
False
Is 3